ative of x**4/24 + x**3/2 - 9*x**2. Give p(-4).
-1
Let r(u) = 13*u + 11. Let c(g) = 7*g + 6. Let v(q) = 11*c(q) - 6*r(q). Give v(-4).
4
Let y(t) = -7*t - 80. Let p be y(-11). Let f(b) = -b**3 - b**2 + 9*b - 8. Let w(n) = n**3 + n**2 - 8*n + 7. Let r(i) = 5*f(i) + 6*w(i). Give r(p).
-7
Let z(v) = 0 + 6 + 6*v - 2. What is z(-3)?
-14
Let u = -1235/12 + 103. Let k(n) be the second derivative of 2*n + 1/6*n**3 + 0 + 1/20*n**5 - 1/2*n**2 + u*n**4. Calculate k(0).
-1
Let r(d) = -d - 12. Suppose -x + 4 = 0, 6*u = 7*u + 2*x + 4. Calculate r(u).
0
Let v(g) = -g**2 - 7*g - 5. Let u(y) = -3*y**2 - 3*y. Let l be u(-2). Let n be v(l). Let z(p) = p. Determine z(n).
1
Let i(t) = -7*t**2 + 6*t + 14. Let f(c) = 7*c**2 - 5*c - 12. Let b(z) = 7*f(z) + 6*i(z). What is b(1)?
8
Suppose 4*y - 11 = -3. Let f(j) = 3*j**y - 6*j - 4*j**2 - j - 3. Give f(-6).
3
Let d be 2/11 - (-42)/11. Suppose -2*h = i + 4, -d = -4*h + 4*i - 0*i. Let u(a) = 6*a - 1. What is u(h)?
-7
Let g(d) = 12*d**2 + 4*d + 1. Let t(b) = 35*b**2 + 11*b + 3. Let x(i) = 17*g(i) - 6*t(i). Let p = -7 + 10. Suppose 3 + 0 = p*n. Calculate x(n).
-5
Suppose 6*w = w - p + 10, -4*w + 8 = -p. Let l be 6/(-2) - 5/(-1). Let t(a) = -l + 2 + a**2 - w*a. What is t(1)?
-1
Let t(r) = r**2 + 6*r - 7. Suppose 0*a - 5*a = -20. Suppose 5*w = 3*y + 28 + 10, -4*y - a*w = 8. Give t(y).
-7
Let r(q) = 0 - 1 + 5 + 3*q. Suppose 2*j = -5*t - 11, 5*j - 16 = 5*t - 3*t. Determine r(t).
-5
Let f(c) = 5*c + 4. Let z(d) = -11*d - 8. Let l(t) = -9*f(t) - 4*z(t). Let w(r) = -r**3 - 6*r**2 + 6*r - 10. Let m be w(-7). Determine l(m).
-1
Let i(f) be the first derivative of -f**4/4 + 4*f**3/3 + 3*f**2 + 2*f - 5. Give i(5).
7
Suppose -2*i = 4*h + 167 - 17, 0 = 5*h + i + 195. Let v be (-24)/(-14) - h/140. Let n(a) = -a**3 + 3*a**2 - 2*a. Determine n(v).
0
Let o(s) = s**2 + 7*s - 11. Let d(a) = 4*a - 5. Let m(t) = 5*d(t) - 2*o(t). Calculate m(5).
-23
Let v(c) = c**3 - 4*c**2 - c + 5. Let h(l) = l**2 + 4*l + 4. Let p be h(-4). What is v(p)?
1
Let p(l) = -2*l**2 + 1 + l**3 + 2*l + 4*l**2 + 2*l**2. Let k(a) = a**3 + a**2 + 8. Let s be k(0). Suppose 4*q - s*q = 12. Give p(q).
4
Suppose q + 1 = 19. Let t = -25 + q. Let x(k) = -k**2 - 7*k + 1. Calculate x(t).
1
Let s(c) = c**3 + c**2 - 2*c + 2. Let r be s(-3). Let j be 3/2*r/(-3). Let i(f) = -f - 1. Let m(y) = -4*y - 3. Let n(v) = -7*i(v) + 2*m(v). What is n(j)?
-4
Suppose -2*f - 12 = 5*u, 2*f - 5*u = -0*f + 28. Let c be 9/6 + (-3)/(-6). Let z(y) = -1 + f*y**c + 4*y - y + 2 - 3*y**2. Calculate z(-4).
5
Let v(f) = 2*f**2 - f**2 + 17 - 20 + 8*f. What is v(-7)?
-10
Let w(h) = h**3 + 12*h**2 + 10*h - 6. Let d be (-1)/(-3) + (217/(-21) - 1). Calculate w(d).
5
Let g(y) = -y**3 + 2. Let o = 63 + -63. Calculate g(o).
2
Suppose -9 - 1 = -2*n. Suppose 11 - 36 = -n*a. Let x(p) = -6*p + a*p + 3 - 2 + 2*p**2. Calculate x(-2).
11
Let l(g) be the first derivative of -g**3/3 + g**2/2 + 12*g - 21. What is l(0)?
12
Let w(h) = 4*h**2 - 21*h - 28. Suppose 33 = -5*v + 78. Let q(s) = s**2 - 5*s - 7. Let k(d) = v*q(d) - 2*w(d). Calculate k(5).
3
Suppose 0 = 4*i + y + 14, -16 = 4*i + 13*y - 11*y. Let d(a) = -5*a**3 + 9*a**2 - 3*a - 2. Let n(c) = -c**3 + c**2 - c. Let x(p) = d(p) - 6*n(p). Determine x(i).
-11
Suppose -54*p - 18 = -57*p. Let y(k) = 2*k. Give y(p).
12
Let a(u) be the third derivative of -u**3/6 + 2*u**2. Let d(s) = -s - 2. Let r(q) = -2*a(q) - d(q). Calculate r(-3).
1
Let r(f) = f**2 + 4*f - 6. Let x be r(-5). Let w = 6 + -3. Let g(s) = -s - 5 + 8 - w*s**2 - 5 + 1. Determine g(x).
-3
Let g(t) = -2*t - 3*t + 4 + 6*t. Suppose 0 = -2*b - 3 - 1. What is g(b)?
2
Let f(w) be the third derivative of -w**7/840 + w**6/90 + w**5/24 - w**4/4 + 2*w**3/3 + 2*w**2. Let y(j) be the first derivative of f(j). Calculate y(5).
-6
Suppose -4*j - 4*v = 4, 0 = -2*j - 0*j + 2*v - 10. Let n(r) = r**3 + 3*r**2 - r - 4. Determine n(j).
-1
Let l = -48 + 50. Let x(g) = 2*g**2 - 1. Calculate x(l).
7
Let w = -3 - -6. Suppose -3*k + 4*m + 7 = 2, -2*k = -w*m - 5. Let a(t) = -t**3 - 6*t**2 - 4*t + 7. Determine a(k).
2
Suppose 3*b - 6*b = 0. Let s(g) be the third derivative of -2/3*g**3 - 1/30*g**5 + b*g + g**2 + 0 + 7/24*g**4. Give s(4).
-8
Let w(b) be the first derivative of -3 + 2*b**3 + 3/2*b**2 + 1/4*b**4 - 6*b. Give w(-5).
4
Let v be 1/(-3)*(-3 - 0). Suppose o = 4 + v. Let u(g) = -3*g**2 - 1 - g**3 + 2*g + g**2 + o. What is u(-3)?
7
Let c(j) = -j + 0*j - 2*j + 4*j. Let y(s) = -9*s**2 + s - 1. Let t(v) = -c(v) - y(v). Suppose 4*r - 6*o = -4*o, -5*r - 3 = -4*o. Determine t(r).
8
Suppose -3*c = -2*p + 4, -4*c + 10 = 5*p - 3*c. Let j(i) = -5*i + p - 1 + i + 2*i. Determine j(3).
-5
Let v(l) = -2*l - 7. Let j(p) = -4*p - 15. Let u(t) = -2*j(t) + 5*v(t). Determine u(-4).
3
Let z(a) be the first derivative of -a**3/3 + 3*a**2/2 - 2*a + 5. Calculate z(4).
-6
Let j be (30/(-9))/((-4)/6). Let v(h) = h**2 - 2 - j*h - 4 + 3. Calculate v(5).
-3
Let z(q) = q**3 + 2*q**2 + q. Suppose -15*w = 38 - 8. What is z(w)?
-2
Let z(h) = h - 1. Let f = 5 - 5. Suppose -2*n - 7 = -v, f = -n - 2*v - 0*v - 6. Determine z(n).
-5
Let p(d) = -d + 2. Suppose 10*a - 7*a = 9. Suppose a*x - x = 4. Calculate p(x).
0
Let d = -88 + 92. Let z(g) = -g - 1. Determine z(d).
-5
Let g(w) be the second derivative of -w**5/20 - w**4/2 - 2*w**3/3 - 22*w. Suppose 2*z - 2 = 3*z. Let y be z/4 - (-9)/(-2). Give g(y).
-5
Let r(n) = -n**3 - 3*n + 5. Let i(d) = -d**3 - 5*d + 8. Suppose 4*x + 14 = 46. Let t = -14 + 9. Let f(a) = t*i(a) + x*r(a). What is f(-1)?
2
Let l(x) = x. Let p(f) = f - 10. Let d(j) = 2*l(j) - p(j). Suppose 0 = 3*c - 4*c - 5. Give d(c).
5
Let u(b) = -3*b - 2. Let v(z) = 2*z + 2. Let i(r) = 5*u(r) + 6*v(r). Suppose 29 - 72 = -4*y + 5*q, -3*y - 3*q = -12. Let l = 4 - y. What is i(l)?
11
Let o(x) be the third derivative of x**4/12 + x**3/6 + x**2. Suppose -3*s = 5*v - 0*v, -4*s - 32 = -4*v. What is o(s)?
-9
Let u(f) = -3*f**3 - f**2 - f - 1. Let o be 2/(-1) + 1 + 0. Calculate u(o).
2
Let s(l) be the second derivative of -l**5/60 - 5*l**4/24 + l**3/3 - l**2/2 + l. Let f(w) be the first derivative of s(w). What is f(-4)?
6
Let w(n) = -5*n + 0*n**2 - 13*n**3 + 7*n**2 - 5 + 12*n**3 + 2. Determine w(4).
25
Let w(j) = -j + 1. Let o(i) = 4*i - 11. Let a(l) = o(l) + 3*w(l). Give a(5).
-3
Let v(t) = -2*t**2 - t - 1. Let k(x) = x**2 - 3*x + 2. Let z be k(3). Give v(z).
-11
Let b = 9 - 4. Let u(n) = 2*n**2 - 6*n - 6. Determine u(b).
14
Let f(r) = 3*r - 3. Suppose 5*v + 4*v - 45 = 0. Determine f(v).
12
Let x(s) = s + 3. Let f = 26 - 18. Determine x(f).
11
Suppose -4*o + 12 = -2*t, 2*o + 0*o + t = 10. Suppose -p - o = 0, -5 = -3*u + 2*p + 9. Let c(i) = -2*i + 3. Calculate c(u).
-1
Let h(y) = -y**2 + 6*y - 5. Let x be h(4). Let u = -3 + x. Let k(i) = 0 - i + 2*i + 0*i - 6 - i**2. What is k(u)?
-6
Let n(m) = 2. Let i(a) = a - 6. Let k(l) = -3*i(l) - 8*n(l). Give k(4).
-10
Let y(v) = v**3 - 7*v**2 + 7*v - 3. Let u be y(6). Let t(s) be the first derivative of s**4/4 - 2*s**3/3 + s**2/2 - 4*s - 2. What is t(u)?
8
Let x be (-4)/(-1 - (-51)/57). Suppose -13 = f - x. Suppose 3*p + f = -2*p. Let i(z) = -z**2 - 6*z - 6. Calculate i(p).
-1
Let q(o) = -3*o + 3. Let u(j) = j**3 - j**2 - 6*j + 5. Let k be u(3). Suppose -3*g - 9 = 5*m, 0*m - k*m + 9 = -3*g. Calculate q(g).
12
Let a(u) = u**2 - 6*u + 4. Suppose 5*l = -5*q, 3*q - 3*l = 2*l + 40. Determine a(q).
-1
Suppose -3*g + 0*f - 4*f = -10, 2*g - 8 = -4*f. Let s(u) = -u**2 + u - 1. Give s(g).
-3
Let c(x) = -x + 7. Let a = 3 + -2. Let u be (-1 + -1)/(1/a). Let y be (u + 1 + -4)*-1. Give c(y).
2
Let r(o) = 4*o - 4*o**3 + 0*o - 3*o - 2*o + o**2. Let i be r(1). Let k(q) = -q**2 - 6*q - 5. Determine k(i).
3
Let a be (-1)/((2/40)/(-1)). Suppose -3*r - a = r. Let n(q) = -q - 2. What is n(r)?
3
Let h = 38 + -40. Let d(a) be the second derivative of -a**4/4 - a**2/2 + 7*a. Calculate d(h).
-13
Suppose -4*w - 3 = -w. Suppose v - 2*y = -8, -y = 2*v + 4*y - 29. Let f(x) = -x - 1 - 3*x + v*x. Determine f(w).
1
Let r(o) = 6*o - 3. Let i(t) = -7*t + 3. Let y(j) = 5*i(j) + 6*r(j). Calculate y(6).
3
Let q(j) = 7*j - 10. Let a(o) = 4*o - 5. Let f(h) = 5*a(h) - 3*q(h). Determine f(0).
5
Let z(s) = -2*s**2 + 4*s + 15. Let q(m) = m**2 - 2*m - 8. Let p(l) = -11*q(l) - 6*z(l). Let k(g) be the first derivative of p(g). Give k(3).
4
Let m(a) be the first derivative of a**2/